46
What is the greatest common divisor of 26 and 584676157?
13
What is the highest common factor of 311962 and 718?
2
Calculate the highest common factor of 36517 and 13250053.
2809
What is the highest common factor of 530 and 233440?
10
Calculate the highest common factor of 109144 and 27412.
28
Calculate the greatest common factor of 79864 and 9648.
536
What is the highest common factor of 251923581 and 108?
27
What is the highest common divisor of 6322 and 422791?
29
Calculate the highest common divisor of 936664 and 35144.
1528
Calculate the highest common divisor of 1574553 and 6291526.
3343
What is the greatest common factor of 5386275 and 23125?
925
What is the highest common divisor of 492400 and 8200?
200
Calculate the highest common divisor of 1763 and 4929799.
41
Calculate the greatest common factor of 5295264 and 2912.
416
What is the greatest common factor of 5445852 and 348?
348
Calculate the highest common factor of 156293242 and 28910.
5782
Calculate the greatest common factor of 272531168 and 2015.
403
Calculate the greatest common factor of 18 and 664036803.
9
What is the highest common factor of 4995 and 362772?
27
Calculate the highest common divisor of 25044 and 4428.
12
What is the greatest common divisor of 29267 and 33337?
37
What is the highest common divisor of 4096 and 63412224?
2048
Calculate the highest common divisor of 4415 and 165699365.
4415
Calculate the greatest common factor of 53 and 848317841.
53
Calculate the greatest common divisor of 256 and 3127008.
32
Calculate the greatest common factor of 6256 and 117639388.
1564
What is the highest common factor of 1925338872 and 5944?
5944
Calculate the highest common divisor of 3485 and 105046264.
697
Calculate the highest common divisor of 14991170 and 943.
23
What is the highest common factor of 84440394 and 459?
459
What is the highest common divisor of 1817712 and 2340?
468
What is the highest common factor of 93376990 and 424?
106
What is the highest common factor of 78671370 and 2190?
2190
What is the highest common factor of 44 and 7300150?
22
Calculate the highest common divisor of 95731886 and 113639.
5981
What is the highest common factor of 2820 and 407190?
30
What is the highest common factor of 22920 and 3664335?
2865
What is the highest common divisor of 1079624214 and 54?
54
What is the highest common factor of 60 and 20751090?
30
Calculate the highest common divisor of 3968678 and 25326.
938
Calculate the greatest common divisor of 960 and 8123760.
240
Calculate the highest common factor of 460307337 and 21.
21
What is the greatest common factor of 125367128 and 32?
8
What is the greatest common divisor of 278103 and 32565183?
6783
What is the greatest common factor of 1938 and 25962?
6
Calculate the greatest common divisor of 8896140 and 216.
36
What is the greatest common divisor of 55335476 and 46040?
4604
What is the greatest common factor of 1180327 and 17?
17
Calculate the highest common factor of 245348336 and 115984.
10544
Calculate the greatest common divisor of 737 and 4921351.
67
What is the highest common divisor of 3754 and 9240471?
1877
What is the greatest common factor of 783 and 24216624?
783
Calculate the highest common divisor of 688 and 6094562.
86
What is the greatest common factor of 26843 and 24582?
17
What is the greatest common divisor of 15826302 and 18?
18
Calculate the highest common factor of 2094639 and 1209.
93
What is the highest common divisor of 92 and 4125236576?
92
What is the greatest common factor of 12399216 and 324?
12
What is the highest common divisor of 208574 and 44?
2
What is the highest common factor of 4969846 and 1?
1
What is the greatest common divisor of 1280 and 154759936?
256
Calculate the greatest common divisor of 75483477 and 36.
9
Calculate the highest common factor of 137520 and 565680.
240
Calculate the greatest common divisor of 170 and 18158278.
34
What is the greatest common factor of 924149 and 37444?
37
Calculate the greatest common factor of 116 and 8110807.
29
What is the highest common divisor of 60 and 12521220?
60
What is the greatest common factor of 156 and 18722548?
52
Calculate the highest common factor of 1139824212 and 152.
76
What is the greatest common factor of 1808 and 185800?
8
What is the greatest common divisor of 46887579 and 314?
157
What is the greatest common divisor of 59850618 and 1341?
447
What is the greatest common factor of 28699518 and 47226?
2778
Calculate the highest common factor of 1824 and 253254.
6
What is the highest common factor of 11 and 73677032?
11
What is the greatest common factor of 196001852 and 63324?
7036
Calculate the highest common factor of 132762 and 32682342.
4578
What is the highest common factor of 247163296 and 32?
32
Calculate the greatest common divisor of 72 and 2062392.
24
What is the highest common divisor of 144 and 462615984?
144
Calculate the highest common factor of 48936475 and 525.
175
Calculate the greatest common factor of 32188060 and 320.
20
Calculate the highest common divisor of 47188 and 34592.
188
What is the highest common factor of 68150 and 49726?
94
Calculate the highest common factor of 102834 and 62988.
174
What is the greatest common factor of 1253 and 778650?
179
Calculate the greatest common factor of 83600 and 245068175.
5225
Calculate the highest common factor of 665418404 and 6104.
3052
What is the highest common divisor of 73997 and 41063561?
2387
What is the highest common factor of 20453 and 36750059?
181
Calculate the greatest common divisor of 194400274 and 4.
2
What is the greatest common divisor of 97586 and 117941?
59
What is the highest common factor of 1050 and 409767575?
175
Calculate the highest common divisor of 7007 and 535821.
143
Calculate the greatest common divisor of 95 and 1736435.
5
Calculate the greatest common divisor of 419576 and 14857.
179
Calculate the greatest common factor of 4979699 and 5448.
227
Calculate the highest common divisor of 3706528 and 104.
8
Calculate the highest common divisor of 1225 and 875725.
25
What is the greatest common divisor of 162605790 and 5160?
1290
Calculate the highest common factor of 6887010 and 312.
78
Calculate the highest common factor of 230884 and 49644.
788
What is the greatest common factor of 104171600 and 230?
230
What is the greatest common factor of 5736488 and 992?
248
Calculate the highest common divisor of 4191704 and 23.
23
What is the highest common factor of 123525576 and 2232?
2232
Calculate the greatest common factor of 540 and 50147640.
540
What is the highest common divisor of 11710084 and 63916?
3364
What is the highest common factor of 463268 and 94828?
604
What is the greatest common factor of 1351175 and 4165?
245
What is the greatest common factor of 129532364 and 28?
4
What is the greatest common factor of 464 and 20518576?
16
Calculate the highest common factor of 4094694 and 2616.
654
Calculate the greatest common divisor of 31160 and 129560.
1640
Calculate the highest common divisor of 2700 and 9308925.
675
Calculate the greatest common divisor of 894 and 3643348.
298
Calculate the highest common factor of 1658320 and 59280.
1520
What is the greatest common factor of 10 and 2490294?
2
What is the greatest common divisor of 96 and 14441248?
32
Calculate the greatest common divisor of 247223339 and 11.
11
What is the highest common factor of 1210068943 and 9358?
4679
What is the greatest common factor of 8190 and 27790?
70
Calculate the greatest common divisor of 10912 and 8536.
88
What is the highest common divisor of 3020057 and 8577?
953
What is the highest common divisor of 38285 and 28793265?
2945
Calculate the highest common divisor of 57619 and 9.
1
What is the highest common divisor of 1890 and 110355?
105
Calculate the greatest common divisor of 72 and 23789736.
72
What is the greatest common divisor of 28309386 and 457436?
7378
What is the greatest common divisor of 7571712 and 768?
768
Calculate the highest common factor of 370851 and 6867237.
1443
Calculate the highest common factor of 11 and 16634651.
11
What is the highest common divisor of 4773 and 79335?
129
Calculate the highest common divisor of 2040659 and 20989.
139
Calculate the highest common factor of 2697210 and 1426.
46
Calculate the 